{"id":831,"date":"2018-07-02T18:47:02","date_gmt":"2018-07-02T21:47:02","guid":{"rendered":"https:\/\/isfd29-bue.infd.edu.ar\/sitio\/docentes\/"},"modified":"2024-05-17T11:51:14","modified_gmt":"2024-05-17T14:51:14","slug":"docentes","status":"publish","type":"page","link":"https:\/\/isfd29-bue.infd.edu.ar\/sitio\/docentes\/","title":{"rendered":"Consultas\/Preguntas Frecuentes"},"content":{"rendered":"<p><strong>ESTUDIANTES<\/strong><\/p>\n<p><strong>\u00bfCu\u00e1ndo comienza la inscripci\u00f3n 2025?\u00a0<\/strong><\/p>\n<p>La informaci\u00f3n sobre la inscripci\u00f3n se subir\u00e1 a este espacio durante el mes de noviembre 2024<\/p>\n<p><strong>DOCENTES<\/strong><\/p>\n<p><strong>\u00bfC\u00f3mo accedo a la informaci\u00f3n sobre los llamados a concurso para cubrir las materias en el instituto?\u00a0<\/strong><\/p>\n<p>Toda la informaci\u00f3n la pod\u00e9s encontrar en SAD o suscribi\u00e9ndote en la red TELEGRAM SAD Merlo.<\/p>\n","protected":false},"excerpt":{"rendered":"<p>ESTUDIANTES \u00bfCu\u00e1ndo comienza la inscripci\u00f3n 2025?\u00a0 La informaci\u00f3n sobre la inscripci\u00f3n se subir\u00e1 a este espacio durante el mes de noviembre 2024 DOCENTES \u00bfC\u00f3mo accedo a la informaci\u00f3n sobre los llamados a concurso para cubrir las materias en el instituto?\u00a0 Toda la informaci\u00f3n la pod\u00e9s encontrar en SAD o suscribi\u00e9ndote en la red TELEGRAM SAD &#8230; <a title=\"Consultas\/Preguntas Frecuentes\" class=\"read-more\" href=\"https:\/\/isfd29-bue.infd.edu.ar\/sitio\/docentes\/\" aria-label=\"More on Consultas\/Preguntas Frecuentes\">[+]<\/a><\/p>\n","protected":false},"author":11867,"featured_media":0,"parent":0,"menu_order":0,"comment_status":"closed","ping_status":"closed","template":"","meta":[],"acf":[],"_links":{"self":[{"href":"https:\/\/isfd29-bue.infd.edu.ar\/sitio\/wp-json\/wp\/v2\/pages\/831"}],"collection":[{"href":"https:\/\/isfd29-bue.infd.edu.ar\/sitio\/wp-json\/wp\/v2\/pages"}],"about":[{"href":"https:\/\/isfd29-bue.infd.edu.ar\/sitio\/wp-json\/wp\/v2\/types\/page"}],"author":[{"embeddable":true,"href":"https:\/\/isfd29-bue.infd.edu.ar\/sitio\/wp-json\/wp\/v2\/users\/11867"}],"replies":[{"embeddable":true,"href":"https:\/\/isfd29-bue.infd.edu.ar\/sitio\/wp-json\/wp\/v2\/comments?post=831"}],"version-history":[{"count":6,"href":"https:\/\/isfd29-bue.infd.edu.ar\/sitio\/wp-json\/wp\/v2\/pages\/831\/revisions"}],"predecessor-version":[{"id":2418,"href":"https:\/\/isfd29-bue.infd.edu.ar\/sitio\/wp-json\/wp\/v2\/pages\/831\/revisions\/2418"}],"wp:attachment":[{"href":"https:\/\/isfd29-bue.infd.edu.ar\/sitio\/wp-json\/wp\/v2\/media?parent=831"}],"curies":[{"name":"wp","href":"https:\/\/api.w.org\/{rel}","templated":true}]}}